{"id":30,"date":"2020-09-11T10:07:59","date_gmt":"2020-09-11T08:07:59","guid":{"rendered":"http:\/\/neu.der-fotoigel.at\/?page_id=30"},"modified":"2025-01-22T09:49:00","modified_gmt":"2025-01-22T08:49:00","slug":"kontakt","status":"publish","type":"page","link":"https:\/\/der-fotoigel.at\/?page_id=30","title":{"rendered":"Kontakt"},"content":{"rendered":"\n<p><\/p>\n\n\n\n<p>Der Fotoigel e.U.<br>Ingrid Ronacher<br>Glemmerstra\u00dfe 52<br>5752 Viehhofen<br>UID: ATU81469518<br><\/p>\n\n\n\n<p>Richard Ronacher<br>Qualified Austrian Photographer<br>Tel. +43 664 42 06 991<br>richard@der-fotoigel.at<br><br>Ingrid Ronacher<br>Diplomierter Fachwirt f\u00fcr Medieninformatik &amp; Mediendesign<br>Tel. +43 664 1000 181<br>ingrid@der-fotoigel.at<br><br>Unser B\u00fcro befindet sich im Gasthof Glemmerhof<br>\u00d6ffnungszeiten Mo &#8211; Fr 08.00 &#8211; 12.00 &amp; 13.00 &#8211; 17.00 Uhr<br>F\u00fcr Termine ausserhalb der B\u00fcro\u00f6ffnungszeiten kontaktieren Sie uns bitte.<br><br>Adresse<br>Glemmerstra\u00dfe 52<br>5752 Viehhofen <\/p>\n\n\n\n<figure><iframe loading=\"lazy\" src=\"https:\/\/www.google.com\/maps\/embed?pb=!1m18!1m12!1m3!1d2702.4007423755206!2d12.760851615935788!3d47.36509651262249!2m3!1f0!2f0!3f0!3m2!1i1024!2i768!4f13.1!3m3!1m2!1s0x4777029e7a758f23%3A0x4c30a417059fdaed!2sDer%20Fotoigel!5e0!3m2!1sde!2sat!4v1599811651294!5m2!1sde!2sat\" allowfullscreen=\"\" width=\"600\" height=\"450\"><\/iframe><\/figure>\n\n\n\n<p>http:\/\/<\/p>\n","protected":false},"excerpt":{"rendered":"<p>Der Fotoigel e.U.Ingrid RonacherGlemmerstra\u00dfe 525752 ViehhofenUID: ATU81469518 Richard RonacherQualified Austrian PhotographerTel. +43 664 42 06 991richard@der-fotoigel.at Ingrid RonacherDiplomierter Fachwirt f\u00fcr Medieninformatik &amp; MediendesignTel. +43 664 1000 181ingrid@der-fotoigel.at Unser B\u00fcro befindet sich im Gasthof Glemmerhof\u00d6ffnungszeiten Mo &#8211; Fr 08.00 &#8211; 12.00 &amp; 13.00 &#8211; 17.00 UhrF\u00fcr Termine ausserhalb der B\u00fcro\u00f6ffnungszeiten kontaktieren Sie uns bitte. AdresseGlemmerstra\u00dfe 525752 [&hellip;]<\/p>\n","protected":false},"author":1,"featured_media":0,"parent":0,"menu_order":0,"comment_status":"closed","ping_status":"closed","template":"","meta":{"footnotes":""},"class_list":["post-30","page","type-page","status-publish","hentry"],"_links":{"self":[{"href":"https:\/\/der-fotoigel.at\/index.php?rest_route=\/wp\/v2\/pages\/30","targetHints":{"allow":["GET"]}}],"collection":[{"href":"https:\/\/der-fotoigel.at\/index.php?rest_route=\/wp\/v2\/pages"}],"about":[{"href":"https:\/\/der-fotoigel.at\/index.php?rest_route=\/wp\/v2\/types\/page"}],"author":[{"embeddable":true,"href":"https:\/\/der-fotoigel.at\/index.php?rest_route=\/wp\/v2\/users\/1"}],"replies":[{"embeddable":true,"href":"https:\/\/der-fotoigel.at\/index.php?rest_route=%2Fwp%2Fv2%2Fcomments&post=30"}],"version-history":[{"count":4,"href":"https:\/\/der-fotoigel.at\/index.php?rest_route=\/wp\/v2\/pages\/30\/revisions"}],"predecessor-version":[{"id":51,"href":"https:\/\/der-fotoigel.at\/index.php?rest_route=\/wp\/v2\/pages\/30\/revisions\/51"}],"wp:attachment":[{"href":"https:\/\/der-fotoigel.at\/index.php?rest_route=%2Fwp%2Fv2%2Fmedia&parent=30"}],"curies":[{"name":"wp","href":"https:\/\/api.w.org\/{rel}","templated":true}]}}

<p></p>



<p>Der Fotoigel e.U.<br>Ingrid Ronacher<br>Glemmerstraße 52<br>5752 Viehhofen<br>UID: ATU81469518<br></p>



<p>Richard Ronacher<br>Qualified Austrian Photographer<br>Tel. +43 664 42 06 991<br>richard@der-fotoigel.at<br><br>Ingrid Ronacher<br>Diplomierter Fachwirt für Medieninformatik &amp; Mediendesign<br>Tel. +43 664 1000 181<br>ingrid@der-fotoigel.at<br><br>Unser Büro befindet sich im Gasthof Glemmerhof<br>Öffnungszeiten Mo &#8211; Fr 08.00 &#8211; 12.00 &amp; 13.00 &#8211; 17.00 Uhr<br>Für Termine ausserhalb der Büroöffnungszeiten kontaktieren Sie uns bitte.<br><br>Adresse<br>Glemmerstraße 52<br>5752 Viehhofen </p>



<figure><iframe loading="lazy" src="https://www.google.com/maps/embed?pb=!1m18!1m12!1m3!1d2702.4007423755206!2d12.760851615935788!3d47.36509651262249!2m3!1f0!2f0!3f0!3m2!1i1024!2i768!4f13.1!3m3!1m2!1s0x4777029e7a758f23%3A0x4c30a417059fdaed!2sDer%20Fotoigel!5e0!3m2!1sde!2sat!4v1599811651294!5m2!1sde!2sat" allowfullscreen="" width="600" height="450"></iframe></figure>



<p>http://</p>

<p>Der Fotoigel e.U.Ingrid RonacherGlemmerstraße 525752 ViehhofenUID: ATU81469518 Richard RonacherQualified Austrian PhotographerTel. +43 664 42 06 991richard@der-fotoigel.at Ingrid RonacherDiplomierter Fachwirt für Medieninformatik &amp; MediendesignTel. +43 664 1000 181ingrid@der-fotoigel.at Unser Büro befindet sich im Gasthof GlemmerhofÖffnungszeiten Mo &#8211; Fr 08.00 &#8211; 12.00 &amp; 13.00 &#8211; 17.00 UhrFür Termine ausserhalb der Büroöffnungszeiten kontaktieren Sie uns bitte. AdresseGlemmerstraße 525752 [&hellip;]</p>
